 the prime factors of (714/c)/(6/t).
2, 17
Suppose -21 = 3*o, -20*a + 15*a + 84865 = -5*o. What are the prime factors of a?
2, 17, 499
Suppose -1515 = -5*o + 4*c, 5*c - 7*c - 297 = -o. Suppose -5*h - 3*k + 4*k + o = 0, 4*h + 4*k - 260 = 0. List the prime factors of h.
2, 31
Let y be 27/(-18) + (-346)/4. Let c = y + 64. List the prime factors of (c/10)/((-39)/1820).
2, 7
Suppose -6*y + 3*c + 10 = -4*y, 5*y = -3*c + 25. Suppose 3996 = 4*s + y*s. What are the prime factors of s?
2, 3, 37
Suppose -15207 = u - 2*h - 37219, -2*u + 5*h = -44028. List the prime factors of u.
2, 5501
Let n be (-7)/(-3) - 19/((-456)/(-32)). Suppose d - 3*l = 1743, 2*l + 881 = 3*d - 4376. List the prime factors of (n/(-3))/((-9)/d).
5, 13
Suppose 7*v = 5*v. Suppose 2*o - 5*g + 15 = 0, -6 = -v*o - 3*o - 2*g. Suppose -5*h - 4*r = -283, h - 4*r - 47 = -o*r. List the prime factors of h.
5, 11
Suppose -30*y + 31*y + 8595 - 21198 = 0. List the prime factors of y.
3, 4201
Suppose -180*p = -190*p + 1950. List the prime factors of (-2)/(-15) + -13 + 123409/p.
2, 5, 31
Let y(d) = 5*d - 1. Let i(s) = -s - 2. Let g be i(-10). Let a be g + (-3)/12 + 5/4. What are the prime factors of y(a)?
2, 11
Let a(f) = f**3 - 65*f**2 - 230*f - 8. List the prime factors of a(69).
2, 1583
Suppose 105*i + 81*i = -15*i + 9251025. What are the prime factors of i?
5, 7, 263
Let m be 48 + (7 - (4 + 1)). Suppose m*w - 52*w = -910. What are the prime factors of w?
5, 7, 13
Suppose -43*p + 45*p = -40. What are the prime factors of ((-128)/p)/(5/850)?
2, 17
Suppose -j - 92790 = -23*i + 20*i, i + 4*j - 30930 = 0. Suppose 12*x = -18*x + i. What are the prime factors of x?
1031
Suppose 52*l = 55*l + 198. Let d be -12*((-12)/l + 17/(-33)). Suppose -u + 140 = -5*a, 5*a = d*u - u - 410. List the prime factors of u.
3, 5
Let d be ((-5)/(10/(-96)))/((-51)/34). Let j(g) = g**3 + 6*g**2 - 7*g + 2. Let q be j(-7). What are the prime factors of q/(-8) - 552/d?
17
Let n(r) = -2*r**2 - 3*r + 1. Let x be n(-1). Suppose -5*i - x*w = -1573, -5*i + 7*w = 2*w - 1580. What are the prime factors of i?
3, 5, 7
Suppose 5*k + 1358 + 312 = 0. List the prime factors of (k/(-4))/((-1)/(-4)).
2, 167
Suppose 3*q + 1 = 22. Suppose -87 = -8*h + q*h. Suppose -z + 4*b = -2*z + h, -3*z + 5*b + 244 = 0. List the prime factors of z.
83
Let m be 0*2/4 + 8 + -5. Suppose 432 = -m*v + 1371. List the prime factors of v.
313
Suppose 6*l - 3912 = -2*f + 4*l, 2*f - 3903 = -5*l. Suppose -f = -2*b + k, b + 5*k + 420 = 1427. What are the prime factors of b?
2, 491
Let j(t) = -50*t**3 - 3*t + 35*t**3 + 9*t**2 - 3 + 12*t - 3*t. What are the prime factors of j(-3)?
3, 5, 31
Let s(x) = 16*x**2 - 83*x - 52. Let h be s(42). List the prime factors of (-52)/(-390) - h/(-30).
823
List the prime factors of ((3 + -5)*-6)/(160/205840).
2, 3, 31, 83
Suppose 158260 = -3357*h + 3377*h. What are the prime factors of h?
41, 193
Let y(h) = 1624*h + 244. What are the prime factors of y(4)?
2, 5, 337
Let v be (-9)/(-6)*(-16)/(-12). Let a be 176/(-110)*(-5)/v. What are the prime factors of a/10 - (-246)/10?
5
Let p be (-8)/(-3)*(-24)/(-16). Suppose 0 = -p*k - 3*k + 56. List the prime factors of 6/k - (-5)/4.
2
Let i = 1020 + 2512. List the prime factors of i.
2, 883
Let a be ((-10)/(-3))/(10/15) + -3. Suppose 296 = 5*t - a*k - 215, 4*t - 389 = -5*k. List the prime factors of t.
101
Suppose 33613 = 11*b - 4*r - 21881, -b + 3*r + 5037 = 0. What are the prime factors of b?
2, 3, 29
List the prime factors of (-2 - -1)/(11/77)*203800/(-70).
2, 5, 1019
Let i = 125 - 178. Let y = i - -58. Suppose -454 = -3*x - 2*t, 351 = 2*x + y*t + 52. List the prime factors of x.
2, 19
What are the prime factors of (-1388)/(-1)*(16907/660 + (-8)/(-60))?
103, 347
Let l = -14478 + 26281. List the prime factors of l.
11, 29, 37
Let l(c) = 180*c + 105. Let i be l(3). Let u = i + 278. What are the prime factors of u?
13, 71
Let a = -409 + 388. Let q(z) = -43*z + 191. List the prime factors of q(a).
2, 547
Let u(v) = -v + 238. Let z be u(19). Suppose 4 = -2*o + 3*o. Suppose 0 = t - 5*l - 156, o*l + z = 3*t - 216. What are the prime factors of t?
3, 47
Let t = 3044 + -464. List the prime factors of t.
2, 3, 5, 43
List the prime factors of ((-11534)/(-395))/((-2)/(-845)).
13, 73
Let g(w) = 108*w**2 + 9*w + 6. Let j be 6*(-12)/(-126) - 90/35. What are the prime factors of g(j)?
2, 3, 5, 7
Let o(w) = w**3 - 17*w**2 + 45*w + 36. Let r(h) = 2*h**3 - 33*h**2 + 91*h + 73. Let b(a) = 7*o(a) - 3*r(a). What are the prime factors of b(18)?
3, 47
Let c = 0 - -4. Let r be 4/9 - ((-160)/45 - 0). Suppose -r*o + 40 = v, v + c*o = -v + 64. What are the prime factors of v?
2, 3
Let k = 684 - 242. Suppose 4*b + 126 = k. List the prime factors of b.
79
Let j be -2 + ((-1099)/14)/(2/(-4)). Let x(m) = m**3 - 9*m**2 + 3. Let s be x(9). Suppose -u - s*u = -2*q + 62, -5*q + u = -j. What are the prime factors of q?
31
Let d be 5 + 152 - 2/(-2). Let n = 108 + -159. Let q = d + n. What are the prime factors of q?
107
Suppose w = -4*w + 5. Let c(y) = 25*y + 123. Let l(z) = -3*z - 15. Let h(v) = -2*c(v) - 17*l(v). List the prime factors of h(w).
2, 5
Suppose 0 = 4*q - 42 - 78. Let b(h) = 48*h + q - 30 + 82*h. List the prime factors of b(1).
2, 5, 13
Let l = 34 - 77. Let x = -41 - l. What are the prime factors of x/13 + 1359/39?
5, 7
Suppose 2*w = 2*q + 24063 + 8881, -2*w + 5*q + 32938 = 0. What are the prime factors of w?
2, 8237
Suppose -27384*b = -27392*b + 321168. What are the prime factors of b?
2, 3, 6691
Suppose 7*i - 703 = -12*i. Let n = 248 - 73. Let h = n - i. What are the prime factors of h?
2, 3, 23
Suppose -6*t + 68 = -190. Let q = 53 - t. Suppose -6*b + q*b - 100 = 0. List the prime factors of b.
5
Let m = 86263 - 54187. What are the prime factors of m?
2, 3, 11
Suppose q = -3*j - 6 - 4, -5*q + j + 30 = 0. Suppose 60 = -q*n + 2130. What are the prime factors of n?
2, 3, 23
Suppose -p + u = 3*p - 179959, 0 = p + 15*u - 45005. What are the prime factors of p?
2, 5, 11, 409
Let t = 34 - 23. Suppose -3*m + w = -t, -7*m - 4*w - 20 = -11*m. Suppose -275 - 14 = -m*p - k, 4*p + 5*k = 400. What are the prime factors of p?
5, 19
Suppose -13*l + 16*l + 29*l - 167968 = 0. What are the prime factors of l?
29, 181
Let a = 33 + -30. Suppose -94 = -a*g + 4*x, -6*x + 108 = 3*g - 3*x. Suppose 2*n - g = 4. List the prime factors of n.
19
Suppose 62 + 28 = 6*o. Suppose -o*n + 10*n + 135 = 0. List the prime factors of (6/n - 185/(-18))*4.
2, 3, 7
Let h(i) be the third derivative of -i**4/6 - i**3 - 113*i**2 - 7. Suppose -3*u - 4*l - 37 = 0, 5*l - 28 = 3*u + 27. List the prime factors of h(u).
2, 3
Let s be ((-175)/(-20) - 6)*4. Suppose 8*x - s*x + 1509 = 0. What are the prime factors of x?
503
Let d = 1026 - 1442. Let n = d - -608. Suppose -8*j + n = -4*j. What are the prime factors of j?
2, 3
What are the prime factors of 3 - (141272/(-40) - (-27)/15)?
3533
Suppose 0 = -3*c - 5*f - 74, 2*f + 6 = 10. Suppose -3*v + 0*v = 4*s + 13, 0 = -5*s - 3*v - 20. What are the prime factors of (3/s - (-16)/c) + 11?
2, 5
Let j(d) be the second derivative of -d**5/20 - d**3/6 + 168*d**2 - 8*d. Let n be j(0). Suppose -8*x + n = -5*x. What are the prime factors of x?
2, 7
Suppose 5*i = 4*u - 1049, i = 3*i + 4*u + 414. Let c = 1033 + -638. Let p = c + i. What are the prime factors of p?
2, 3, 31
Let j(x) = 2*x**2 + x - 1. Let p be j(-1). Suppose 2*n + p = 8. Suppose -w - 5*h + 18 = 1, n*h - 19 = -w. List the prime factors of w.
3
Let f(a) = 66*a**2 - 10*a - 36. Let y be f(9). Suppose 0 = -13*s - 7*s + y. List the prime factors of s.
3, 29
Let d = -2615 + 5132. List the prime factors of d.
3, 839
Let p(v) = 2*v**3 + 30*v**2 - 34*v - 14. Let s be p(-16). Suppose -1438 = -s*z + 11756. List the prime factors of z.
733
Suppose -3*r + 7*r = -356. Let z(u) = 26*u + 596. Let m be z(-34). Let d = r - m. List the prime factors of d.
199
Let w = 61 - 33. Let r be ((-120)/(-12) - 17)/((-1)/(-20)). Let v = w - r. List the prime factors of v.
2, 3, 7
Let r(g) = -g**3 - 7*g**2 + 18*g - 37. Let m be r(9). Let u = 153 - m. What are the prime factors of u?
2, 331
Suppose 0 = -25*h + 24*h + 4. List the prime factors of (-4 + (4 - -2 - h))*-23.
2, 23
Let u = -56 - -58. Suppose 332 = z + 4*n, 5*z = -3*n - u*n + 1705. Suppose i = 2*y - 6*y + 268, -i - z = -5*y. List the pri